8
Let m = 3820 + -1221. What is the units digit of m?
9
Let g = -7414 - -14150. What is the units digit of g?
6
Suppose -28 = -4*y - 0*y. Suppose -y*a - 36 = 2*a. What is the hundreds digit of (-2)/(a + 0 + 6)*-219?
2
Suppose 0 = -2*d + 4*d - 3*u - 5, -3*u - 9 = 0. What is the hundreds digit of ((-81)/(-2) - 7)*(-8)/d?
1
Suppose 2 = m + g, -7*m = -2*m + 2*g - 22. What is the hundreds digit of (-2)/(16/m) - 5751/(-36)?
1
Let v(a) = -a**2 + 4*a + 7. Suppose 0 = -12*s + 16*s - 20. Let w be v(s). Suppose -w*k - 2*f = k - 92, -4*k = -3*f - 151. What is the tens digit of k?
3
Let n = 9377 - 711. What is the thousands digit of n?
8
Let x = -17182 - -32199. What is the units digit of x?
7
What is the tens digit of (-6)/(-5) + 304/320*8884?
4
Let r(w) be the first derivative of 23*w**2 - 29*w - 15. What is the tens digit of r(13)?
6
Let u(l) = -l + 23. Suppose 0 = -5*v - 4*b - 18, 2*v + 4*b - 3 = -b. Let o be 8/v + (-680)/(-60). What is the tens digit of u(o)?
1
What is the thousands digit of 2/((-2)/3) + -1*(8 - 6489)?
6
Suppose 3*b - 180 = b. What is the tens digit of 3/4*(-58 + b)?
2
Let o be (11 - (16 + -8))/(3/2). What is the hundreds digit of 29995/85 + 1 + o/17?
3
Let z be (7458/(-4))/1*46/(-69). Let c = z - 512. What is the hundreds digit of c?
7
Let v = 50 - 164. Let n = 684 + v. What is the tens digit of n?
7
Let f = 12593 - 7371. What is the hundreds digit of f?
2
What is the ten thousands digit of ((-118324)/(-8))/((-117)/(-468))?
5
Let i(z) = -z**3 - 45*z**2 - 45*z - 34. Let g be i(-44). Suppose g*n + 350 = 1830. What is the tens digit of n?
4
Suppose 3*c = j + 29045, 4*j = -3*c - 926 + 29976. What is the units digit of c?
2
Suppose 47*x = -27*x - 53*x + 794512. What is the units digit of x?
6
Let c(d) = d**2 + 6*d - 71. Let u be c(-14). Let t(m) = -36*m + 2. Let s be t(-2). Let i = s - u. What is the tens digit of i?
3
What is the units digit of ((-54712)/112)/(2/(-4))?
7
Suppose 5 = p, 8*f = 9*f + 4*p - 1965. Suppose -h - 5*g + f = 2*h, 4*g + 2604 = 4*h. What is the hundreds digit of h?
6
Let y = -13 + 2. Let l(q) = q - 24*q + 7 + 1 + 21*q. What is the tens digit of l(y)?
3
Let b be (-95)/((22/4)/(-11) - 0). Let h = 11 + -13. What is the units digit of ((112/(-10))/h)/(4/b)?
6
Suppose 3*y = 4*x - 301335, 3*x + 30*y = 35*y + 226015. What is the ten thousands digit of x?
7
Suppose -7*q - 10 = 3*q. Let j be (-1 - -2)*(-2)/q. What is the tens digit of (-20 + -2)/(-3*j/12)?
4
Suppose 3*q = 2 - 14. Let u be ((-1)/2)/(4/24). What is the tens digit of (u - q)/(0 - (-3)/51)?
1
Let t(g) = -g**3 + 19*g**2 + 24*g + 12. Suppose -p + 8*p = 21. Let w be -1 + 1 - -3*20/p. What is the units digit of t(w)?
2
Suppose 5*g - 7*g = -326. Let j = g - 58. What is the hundreds digit of j?
1
Suppose 0 = -3*x - 2*z + 4185 + 5375, 5*z + 25 = 0. What is the units digit of x?
0
Let f(m) = -568*m + 2290. What is the hundreds digit of f(-30)?
3
Let l be 27/(-81) + (-1)/(-3). What is the tens digit of l - (-4 + 8) - -714?
1
Suppose 5 = 3*b + 2*b. Let t(w) = -35*w. Let l(h) = -357*h + 3. Let n(f) = -l(f) + 5*t(f). What is the hundreds digit of n(b)?
1
Suppose -2*q = -7 + 7. Suppose -k - 5*k + 2208 = q. What is the hundreds digit of k?
3
Let z(a) = a**3 + 5*a**2 + 5. Let o be z(-5). Let s be 6/o*(-80)/(-24). Let q(c) = 19*c - 10. What is the tens digit of q(s)?
6
Let m(c) = -c**2 + c + 1. Let o(f) = 2*f**3 - 11*f**2 - f + 26. Let p(u) = 5*m(u) - o(u). Let q be p(6). Let x = q - -395. What is the units digit of x?
4
Suppose -47*r + 43*r + 880 = 0. Suppose r = 2*n - 64. What is the units digit of n?
2
Suppose -18*l = -47362 - 532652. What is the ten thousands digit of l?
3
Let d = -17 + 1. Let f = -12 - d. Suppose -f*v - 5*m + 579 = 0, 5*v + m - 437 = 2*v. What is the hundreds digit of v?
1
Let l = 9 + -3. Let m be (-1700)/(-6) + l/9. Suppose 5*o + s - m = 0, -4*s - 57 = -4*o + 175. What is the units digit of o?
7
Let d(w) be the first derivative of w**4/4 - 7*w**3/3 + 10. Let h be d(7). Suppose 0 = 3*p - 3*k - 270, -3*p - 2*k - 62 + 357 = h. What is the units digit of p?
5
Suppose 0 = -7*i - 150 + 255. Let q(m) = -m**2 - 13*m + 16. Let s be q(-10). Let o = s - i. What is the tens digit of o?
3
Let b be -1 + 0 + (-340 - -2). Suppose -25346 = 119*j + 1905. Let v = j - b. What is the units digit of v?
0
Let t be 3 - 4*1868/4. Let h = t - -481. What is the hundreds digit of h/(-16)*5/(15/6)?
1
Suppose 83*r - 88*r - 5*x = -56730, -3*x + 45379 = 4*r. What is the ten thousands digit of r?
1
Let t(b) = -3*b + 18*b - 344*b**2 + 343*b**2 + 12. Let c be t(16). What is the units digit of 138/1*c/(-12)?
6
Let s(c) = 161*c**2 - 2. Let d be s(-1). Let m = 1178 - d. What is the tens digit of m?
1
Suppose -4 = -2*r, -4*d + 113610 = -10*r + 5*r. What is the units digit of d?
5
Let p = -43 - -45. Suppose -6 = p*w, 4*h + w - 468 = 5*w. Let z = 1 + h. What is the hundreds digit of z?
1
Let v(t) = -t**2 + 12*t + 15. Let u be v(13). Suppose -r - r - 4 = 3*p, -4*p = u*r + 8. What is the tens digit of p/6*-3*2 + 188?
9
Let f = 46135 - 20980. What is the tens digit of f?
5
Let o be ((-12)/(-18))/((-2)/2427). Let l = 1253 + o. What is the tens digit of l?
4
Suppose -7*m + 2*m - 16 = -d, 5*d - 2 = -m. Suppose -5*f = -24 - d. Suppose 4*r + r = 2*l + 565, -f*l + 113 = r. What is the tens digit of r?
1
Let q = -79 + 153. Let c be ((-2)/6)/((-9)/1215). Let v = q - c. What is the units digit of v?
9
Suppose 4*i - 2*i - 4668 = 0. Let t(a) = 8*a + 134. Let o be t(-17). What is the hundreds digit of i/14 - o/7?
1
Suppose 906*x = 925*x. Suppose 3*k - 2*k = 4. What is the units digit of (2/k)/(x - (-2)/624)?
6
Let j = 5639 + -2498. What is the units digit of j?
1
Let x = 5039 - 2997. What is the thousands digit of x?
2
Let i = 195 + -164. Suppose 39*a - 240 = i*a. What is the units digit of a?
0
Suppose -5*a - 254 = -4*x, 0 = -28*x + 29*x - 4*a - 58. Suppose -271 = -m - j, 2*m + 61*j = x*j + 570. What is the tens digit of m?
7
Suppose 254590 = -58*d + 445217 + 1108805. What is the ten thousands digit of d?
2
Let u be (-60)/(-18)*(1005/(-6) - 2). Let n = -406 - u. What is the hundreds digit of n?
1
Suppose -v + 1995 + 1155 = 0. Suppose -v = 3*i + 1803. What is the tens digit of (i/2)/(-13) + (-1)/(-2)?
6
Let m(x) = -x**3 - 6*x**2 + 18*x + 15. Let j be m(-12). Let z(q) = q**2 - 6*q + 1. Let s be z(5). What is the tens digit of j/6 + s/8?
1
Suppose 0 = -115*b + 104*b + 227855 - 35993. What is the hundreds digit of b?
4
Let h(x) be the second derivative of 91*x**3/3 - 81*x**2 - 28*x - 2. What is the units digit of h(7)?
2
Let v(j) = -11*j**3 - j**2 + 2. Let m be v(-1). Let p be 60/18*m/8. Suppose -p*f + 5*n = 42 - 207, 3*n + 130 = 4*f. What is the tens digit of f?
3
Let r be 2/7 - ((-72)/42 - 5). Suppose r*z + 247 = 2823. What is the hundreds digit of z?
3
Let k = 27641 - 13535. What is the hundreds digit of k?
1
Let b(o) = -3*o**3 - 19*o**2 + 8*o + 15. Let m be b(-7). Suppose 0 = 5*s - 5*y - 180, 2*y - 76 = -3*s - 3*y. Let u = m - s. What is the tens digit of u?
2
Let r(b) = 704*b**2 - 795*b - 12. What is the tens digit of r(-9)?
6
What is the units digit of (-95425 - 9)*(-14 - -13)?
4
Suppose 11*u - 82741 = -21944. What is the units digit of u?
7
Let d = -596 + 6113. What is the hundreds digit of d?
5
Let j be (-21)/(-9)*2/(-7)*-45. Suppose 0 = 3*r + 5*g - 1356, 0 = j*r - 35*r + g + 2260. What is the hundreds digit of r?
4
What is the units digit of (-3 - -16)/((-4837)/1211 + 4)?
9
Suppose w = 3*w - 308. Let h(x) = -x**2 - 2*x - 12. Let u be h(7). Let n = u + w. What is the units digit of n?
9
Let n(d) = d**3 + 9*d**2 + 13*d - 2. Let i be n(-7). Suppose 8*z - k + 519 = 11*z, -i*k = 2*z - 333. What is the units digit of z?
4
Let d(w) = 9*w**3 - w**2 - w + 4. Let b(v) = 5*v**2 + 8*v**3 - 2*v - 10*v**3 - 6 + v**3. Let f be b(4). What is the tens digit of d(f)?
7
Let l(f) = -27 - 7 - 26*f + 12. Let u = -295 - -287. What is the units digit of l(u)?
6
Suppose 2*s - i + 16 - 2 = 0, -4*s = i + 22. What is the units digit of s*23726/(-96) + (-1)/(-8)?
3
What is the thousands digit of (-19)/(-114)*12/(-8)*-57044?
4
What is the tens digit of 6*3 - (-3504 - -207)?
1
Suppose -3*n + 76507 = 242*b - 238*b, b - 19141 = 4*n. What is the hundreds digit of b?
1
Suppose -5*q = 5*g - 61 - 29, g = q - 12. Let a(b) = b**3 - 16*b*